Suppose -91*a + 94*a = 3*y - 312381, a = -4*y + 416518. Is y a prime number?
False
Let b = -1790 + 18801. Is b a composite number?
False
Suppose 0 = -6*n + 5 + 43. Suppose -2329 = -r - 3*d, 5*r + n*d - 4*d = 11601. Is r a composite number?
True
Is 37289766/(-261)*(-3 + (-3)/(-2)) a prime number?
True
Suppose 78*k + 3087 = 34989. Is k a composite number?
False
Suppose 2 = -d, -43 - 21 = -5*i + 2*d. Is ((-411)/(-4))/(i/32) prime?
False
Suppose 0 = 71*m - 67*m - 32. Suppose -10758 = m*t - 39166. Is t a prime number?
False
Let t(l) be the first derivative of -19*l**2/2 - 4*l + 15. Let k be t(-4). Let p = k + -13. Is p a prime number?
True
Let q(p) = 27*p**2 - 39*p - 23. Let b(x) = -27*x**2 + 38*x + 22. Let i(h) = -6*b(h) - 5*q(h). Is i(11) a prime number?
True
Let g = -27 - -73. Suppose -4*r + 3*z = -g - 173, 5*r + z - 269 = 0. Suppose -5*k + 36 = -s - 117, -4*s - r = -2*k. Is k composite?
False
Suppose 0 = 8*a + 15*a - 46. Let w(t) = 382*t**3 + 4*t**2 - 2*t + 3. Is w(a) prime?
False
Suppose -4*h + 1576 = 4*s - 0*h, 5*h + 406 = s. Let a(l) = 2*l**3 + 2*l**2 + 9*l - 2. Let v be a(9). Let o = v - s. Is o a composite number?
False
Is -2*(9 - (-38796362)/(-44)) a composite number?
False
Let o(r) be the second derivative of 3*r**5/20 - 7*r**4/6 - 6*r**2 - 24*r. Let z be o(5). Let u(c) = c**2 + 8*c + 34. Is u(z) a prime number?
True
Let g = 127573 + -88152. Is g prime?
False
Let o be (-92)/(-69)*-279*2/(-4). Suppose -3*m + 4*m - o = 0. Is (m/(-6))/((-2)/4) + -3 a prime number?
True
Let z be (15/(-25))/((-3)/15). Let v(n) = -802*n**2 + 10. Let y be v(z). Is y/(-10) - (-1)/5 composite?
True
Let g(w) = -15*w + 256. Let y be g(-17). Suppose 0 = 513*q - y*q - 45226. Is q a composite number?
False
Let h be -8 - -4 - (-4 - 4). Is h + (5 - 2) + 16290 composite?
True
Let n(c) = c**3 + 21*c**2 + 2*c - 9. Let d be n(-22). Let r = 326 - d. Is r composite?
False
Let u = 380 - 392. Is 7247/(21/28 + (-3)/u) prime?
True
Let k(t) = t + 8. Let b(d) = 3*d**2 - 6*d + 3. Let c be b(4). Let h = c + -13. Is k(h) composite?
True
Let b be ((8 + -5 - 3)*-1)/1. Suppose 2*o - 3 = a + 5, -10 = -o - a. Suppose j - 3*q = o*j - 1258, b = -2*j + q + 501. Is j composite?
False
Is 436201 - (-24 + -3 + 11) composite?
False
Let f = 13288 + 4375. Is f composite?
True
Suppose 92 = -3*f + 89, 0 = 4*j + 4*f - 901344. Is j prime?
False
Is 761416/20*(-55)/(-22) a prime number?
True
Let o be 4 - (-6 + 2 + 5). Suppose 2*z + o*x - 36050 = 21462, -4*x - 143803 = -5*z. Is z composite?
False
Let y(v) = v**3 - 16*v**2 + 68*v - 6. Let g be y(8). Suppose -35906 = -0*p - g*p. Is p a composite number?
False
Let b(q) = -213056*q - 14215. Is b(-6) a prime number?
False
Let w(g) = 3315*g**3 - 6*g**2 + 12*g - 70. Is w(6) composite?
True
Let h(d) = 21*d**2 - 12*d - 31. Let q be h(19). Suppose -z = -5*k + q + 1678, z + 1796 = k. Is k prime?
True
Let y = 60 - 57. Let p be 0/(y + 5 + -4). Suppose -5*h - 25 = p, 3*x + 8*h = 4*h + 6835. Is x composite?
True
Suppose 0 = 2*a - 360 - 140. Let j be a - (0 - -1)/(10/(-40)). Suppose 0 = -4*p - 3*d + j, -4*p = 2*d - 279 + 23. Is p composite?
True
Suppose -8*l - 17286 = -14*l. Suppose -2*b = g - l, -7*b - 2*g = -8*b + 1433. Is b prime?
True
Let i = 96106 - 55227. Is i a prime number?
True
Let r = -411627 + 589472. Is r a prime number?
False
Suppose p = -4*k + 13, -3*p + 5*k = -3 - 2. Let c be -3*-4*p/30. Is c + (3/(-2))/((-3)/102) a composite number?
False
Let p = -305 + 609. Suppose -p*t = -310*t + 942. Is t a composite number?
False
Let k(o) = -110632*o - 265. Is k(-3) composite?
True
Let p = 1571225 + -1081932. Is p a prime number?
False
Let f(x) = -26*x**2 + 18*x - 23. Let g(v) = -42*v**2 + 35*v - 45. Let b(u) = -5*f(u) + 3*g(u). Suppose 4*k + 4 - 48 = 0. Is b(k) prime?
False
Let t be 6 + (2 - 3) - -2075. Let r = t + -607. Is r a prime number?
False
Let g be ((-12 - -8) + 12823)*-4. Is 7/(3/g*-4) a prime number?
False
Let q = 447370 - -45649. Is q composite?
True
Is (1/1*4264/208)/(1/626) prime?
False
Suppose 10*g - 724 = -184. Let x = 64 - g. Suppose 0 = x*m - 3*m - 1421. Is m a composite number?
True
Let b be -11 + 42438 + 3*-1. Suppose 8*u - 40128 = b. Is u prime?
False
Suppose 4*s - 46579 = -k, -2*k + 4*k - 6 = 0. Let a = s + -4697. Is a a composite number?
False
Let b(q) = -q**3 - 16*q**2 - 16*q - 23. Let s be b(-15). Let f(u) = 21*u**2 - 6*u - 17. Let j be f(s). Let z = j + -210. Is z a prime number?
False
Is (-129)/1290 - (-17361351)/10 a composite number?
True
Is (2 - (-223244)/(-24))/((-25)/75)*2 a composite number?
False
Let m(f) = -50*f**3 + 10*f**2 + 33*f + 32. Is m(-7) a composite number?
True
Let m(n) = -128*n - 8. Let t(q) = q + 2. Let d(s) = -m(s) - 3*t(s). Let k be (-2)/2 + 4/2. Is d(k) a prime number?
True
Let w(v) = 1087 + 66*v + 57*v - 100*v. Is w(0) a prime number?
True
Suppose -3 = 2*a - 3*z, -4*a + 3*z + 6 = 3. Suppose l = i - 495, -a*l = i - 273 - 206. Is i composite?
False
Suppose 0 = 6*f + 44*f - 28423734 - 29431216. Is f a composite number?
False
Is 2 + (-13)/8 - 288255/(-24) composite?
False
Suppose -4*d + 0*c + 12 = -c, -3*d = -3*c. Suppose 5694 = -d*n + n. Let t = n + 2785. Is t prime?
True
Let h = 6 + 1. Suppose -5*a - h = -x, 4*x + 2*a - 1 - 5 = 0. Suppose x*p = 3*n + 3*p - 112, 3*p = n - 34. Is n composite?
False
Let i be (-104)/(-130) + (-34)/5. Suppose -n - 69995 = -5*n - 5*q, 0 = -5*q - 25. Is ((-10)/15)/(i/n) composite?
True
Let k(t) = -t**3 - t**2 + t - 5. Let f be k(-2). Let a(g) = 526*g**2 - 29*g - 79. Is a(f) prime?
False
Let n(x) = x**3 + 10*x**2 - 41*x - 8. Let h be n(-17). Is ((-129)/2)/(69/h) a composite number?
True
Let z be 4*((-20)/(-9) + 2/(-9)). Suppose 5148 = z*d - 1964. Is d prime?
False
Let b = -382697 - -574696. Is b a prime number?
True
Is -3*(306351/(-27) - -10) prime?
False
Let b = 1843 + -226. Let a be (-8)/(-28) - 7004/14. Let l = a + b. Is l composite?
False
Suppose -2*u + 15 = -u - c, -2*u = 3*c - 5. Suppose -5*t + u*t - 15 = 0. Suppose t*d + 0*z - 3*z - 8184 = 0, 5*d - 4*z = 13641. Is d prime?
True
Suppose -22*i + 22204 + 74398 = 0. Suppose 3*c = 33202 + i. Is c prime?
False
Let l(x) = 106*x - 9. Let k(t) = -t**3 - t**2 + 1. Let s(j) = 3*j**3 + 4*j**2 + 4*j + 1. Let q(a) = -2*k(a) - s(a). Let o be q(-2). Is l(o) prime?
True
Let k = 207 + -205. Let u(t) = 313*t + 23. Is u(k) a prime number?
False
Suppose -3*m + 1021 = -2*w + 155, -5*m + 5*w + 1440 = 0. Let d = -69 + m. Is d a prime number?
False
Suppose 9 = 2*t - 3. Let c = t - 6. Suppose -4*b - 4*h = -84 - 368, -5*h = c. Is b prime?
True
Let g(p) be the third derivative of 3*p**5/20 - 7*p**4/24 + 17*p**3/6 - 85*p**2 - p. Is g(-9) prime?
True
Let j = -41 - -52. Let y = j - 8. Suppose 405 = 5*x + 5*b, -2*b - 188 - 45 = -y*x. Is x a prime number?
True
Let i(d) = -9*d + 20. Let g be i(2). Let r(j) = 232*j + 33. Is r(g) prime?
False
Suppose -s - 2*z = 3*z - 28, -3*s = z - 28. Suppose s*x - 16 = -0*x. Suppose -j + 2633 = 2*j + x*r, 5*j - 5*r = 4380. Is j a prime number?
True
Suppose 7983668 = 99*m - 15*m + 1828400. Is m a composite number?
False
Let z be 14*(13635/5 - 2). Let v = z + -23451. Is v a prime number?
True
Let s(v) = -181*v + 1. Let t(z) = -364*z + 1. Let k(o) = 9*s(o) - 4*t(o). Suppose -5*m = -0 + 30. Is k(m) prime?
False
Suppose 24*y = 16*y + 144. Let t be (4 + (-20496)/y)*(-3)/1. Let m = t - 1365. Is m a composite number?
False
Is 1/(-5) + 88893/105*62 prime?
True
Suppose 4*m + 0*x - 10 = 2*x, -2*m + 2*x + 2 = 0. Suppose -5*l + 42095 = 4*v, l + 16838 = 3*l + m*v. Is l prime?
True
Suppose 8*u + 24 = 6*u. Let x be 1/(32/u - -3). Is -2003*(-1)/x + 8/6 prime?
False
Suppose -2*l - 5*r = -9*r - 6656, 3*l = 4*r + 9974. Suppose 21*x - l = 12285. Is x a prime number?
True
Suppose 0 = -5*h + 85493 - 9513. Suppose -n + 5*n = h. Is n prime?
False
Let b = -1608 - -15574. Is b composite?
True
Is (5 - 296288/48)*-3 prime?
True
Let h(o) = 830*o + 57. Let c = 100 - 96. Is h(c) a prime number?
False
Suppose 6 + 0 = 2*a. Let w(i) = -38*i**2 - 7 + 88*i**2 - i**a - 33*i**2 - 15*i. Is w(14) a prime number?
False
Suppose -88*k + 80*k = -1954504. Is k composite?
False
Let k = -48791 - -130530. Is k a composite number?
True
Let k = 5054 - -15812. Is k composite?
True
Let a(z) = 23995*z - 509. Is a(1) composite?
True
Suppose 0 = 36*k - 31*k + 290. Let l = k - -65. Suppose